nder when 95410 is divided by 2986.
2844
What is the remainder when 49175702 is divided by 46834?
2
What is the remainder when 2890521 is divided by 969?
963
What is the remainder when 12718032 is divided by 2360?
2352
What is the remainder when 9443283 is divided by 107?
105
Calculate the remainder when 368595 is divided by 40954.
9
Calculate the remainder when 5344112 is divided by 157.
146
Calculate the remainder when 149924 is divided by 21398.
138
What is the remainder when 61626 is divided by 573?
315
What is the remainder when 67327203 is divided by 461?
458
What is the remainder when 1860264 is divided by 202?
46
Calculate the remainder when 2507450 is divided by 1377.
1310
What is the remainder when 628033 is divided by 313994?
45
What is the remainder when 231362507 is divided by 5002?
5001
What is the remainder when 1525097 is divided by 83?
55
What is the remainder when 7032444 is divided by 59?
57
What is the remainder when 23092115 is divided by 232?
227
Calculate the remainder when 4619745 is divided by 3242.
3137
Calculate the remainder when 926285 is divided by 996.
5
What is the remainder when 530032 is divided by 70?
62
What is the remainder when 263001 is divided by 5257?
151
Calculate the remainder when 342811619 is divided by 1349652.
11
Calculate the remainder when 7423865 is divided by 530270.
85
Calculate the remainder when 7151657 is divided by 1229.
106
Calculate the remainder when 8358764 is divided by 513.
455
What is the remainder when 14867186 is divided by 14?
12
Calculate the remainder when 1236242 is divided by 411983.
293
Calculate the remainder when 623532 is divided by 207842.
6
Calculate the remainder when 8413952 is divided by 83.
76
Calculate the remainder when 27481611 is divided by 14464.
11
Calculate the remainder when 3094845 is divided by 131.
101
Calculate the remainder when 7448894 is divided by 135434.
24
Calculate the remainder when 628649982 is divided by 184.
182
Calculate the remainder when 21573564 is divided by 7323.
6
Calculate the remainder when 32631860 is divided by 58.
16
What is the remainder when 729625 is divided by 52082?
477
What is the remainder when 98072 is divided by 49030?
12
What is the remainder when 107354 is divided by 13321?
786
What is the remainder when 6514089 is divided by 1342?
21
What is the remainder when 2133135 is divided by 1345?
1310
What is the remainder when 2104 is divided by 74?
32
Calculate the remainder when 11152 is divided by 3447.
811
What is the remainder when 216188 is divided by 72046?
50
Calculate the remainder when 18414 is divided by 386.
272
What is the remainder when 12100554 is divided by 36229?
68
What is the remainder when 15788689 is divided by 1127760?
49
What is the remainder when 7088866 is divided by 2939?
2937
What is the remainder when 79542 is divided by 8621?
1953
What is the remainder when 394118 is divided by 197049?
20
Calculate the remainder when 8308718 is divided by 1239.
1223
What is the remainder when 8677654 is divided by 3867?
106
Calculate the remainder when 78795 is divided by 39338.
119
Calculate the remainder when 363837599 is divided by 175.
174
What is the remainder when 1142883 is divided by 8722?
301
Calculate the remainder when 3298741 is divided by 161.
12
Calculate the remainder when 12107 is divided by 1019.
898
What is the remainder when 1108260 is divided by 1814?
1720
Calculate the remainder when 1301293 is divided by 550.
543
What is the remainder when 17573623 is divided by 48?
7
Calculate the remainder when 2342484 is divided by 234177.
714
What is the remainder when 27450224 is divided by 135?
134
Calculate the remainder when 11734077 is divided by 136.
133
Calculate the remainder when 1265473 is divided by 317.
9
Calculate the remainder when 242119 is divided by 242039.
80
What is the remainder when 3631245 is divided by 16?
13
What is the remainder when 600417 is divided by 15394?
51
What is the remainder when 14454740 is divided by 2604?
2540
What is the remainder when 396805 is divided by 141?
31
What is the remainder when 29964234 is divided by 35?
34
Calculate the remainder when 261712 is divided by 261354.
358
What is the remainder when 1967313 is divided by 4906?
7
Calculate the remainder when 424787 is divided by 21236.
67
What is the remainder when 900988 is divided by 16084?
284
Calculate the remainder when 4860626 is divided by 798.
8
What is the remainder when 814958 is divided by 814956?
2
What is the remainder when 321111 is divided by 107031?
18
What is the remainder when 24393595 is divided by 442?
57
What is the remainder when 1113954 is divided by 16144?
18
Calculate the remainder when 2092748 is divided by 572.
372
Calculate the remainder when 4913305 is divided by 17060.
25
What is the remainder when 212935 is divided by 23658?
13
Calculate the remainder when 6087093 is divided by 3591.
348
What is the remainder when 3655752 is divided by 140605?
22
Calculate the remainder when 325189 is divided by 108393.
10
What is the remainder when 208663640 is divided by 476?
472
Calculate the remainder when 100680 is divided by 99364.
1316
Calculate the remainder when 346407 is divided by 303.
78
What is the remainder when 3317512 is divided by 1658748?
16
Calculate the remainder when 360573 is divided by 927.
897
Calculate the remainder when 4961373 is divided by 178.
157
Calculate the remainder when 46569 is divided by 7649.
675
Calculate the remainder when 1689926 is divided by 42.
14
Calculate the remainder when 1501011 is divided by 250163.
33
Calculate the remainder when 116030282 is divided by 5377.
5376
What is the remainder when 967882 is divided by 421?
3
Calculate the remainder when 139446 is divided by 1339.
190
What is the remainder when 10502192 is divided by 61?
5
What is the remainder when 1082898 is divided by 1256?
226
What is the remainder when 144922472 is divided by 4528827?
8
Calculate the remainder when 132699 is divided by 2282.
343
What is the remainder when 864064 is divided by 63?
19
What is the remainder when 587255 is divided by 29322?
815
What is the remainder when 46064221 is divided by 111?
109
Calculate the remainder when 503023282 is divided by 108.
106
What is the remainder when 2818025 is divided by 4?
1
What is the remainder when 32697 is divided by 3767?
2561
What is the remainder when 5068904 is divided by 9216?
104
What is the remainder when 228462 is divided by 28?
10
Calculate the remainder when 5191609 is divided by 241.
228
Calculate the remainder when 42177421 is divided by 47.
44
What is the remainder when 2001560 is divided by 9098?
0
Calculate the remainder when 55888635 is divided by 6526.
6497
What is the remainder when 1190493 is divided by 13383?
12789
What is the remainder when 211461117 is divided by 520?
517
What is the remainder when 129410 is divided by 42636?
1502
Calculate the remainder when 298271 is divided by 549.
164
Calculate the remainder when 31463155 is divided by 26285.
10
What is the remainder when 62399 is divided by 98?
71
Calculate the remainder when 963041 is divided by 19258.
141
What is the remainder when 1945284 is divided by 41?
39
What is the remainder when 1280278 is divided by 28449?
73
What is the remainder when 2501566 is divided by 129?
127
What is the remainder when 102558152 is divided by 7190?
7182
What is the remainder when 5692114 is divided by 227684?
14
What is the remainder when 206664302 is divided by 254?
250
Calculate the remainder when 1287048 is divided by 38.
26
Calculate the remainder when 1520 is divided by 535.
450
What is the remainder when 3564 is divided by 2079?
1485
Calculate the remainder when 242367 is divided by 1210.
367
What is the remainder when 74335997 is divided by 16?
13
Calculate the remainder when 56996 is divided by 2.
0
Calculate the remainder when 94712279 is divided by 1090.
1089
What is the remainder when 1334991 is divided by 4?
3
What is the remainder when 604311 is divided by 917?
8
Calculate the remainder when 4736083 is divided by 703.
675
Calculate the remainder when 4316015 is divided by 98091.
11
What is the remainder when 39332573 is divided by 238?
217
What is the remainder when 4095 is divided by 1147?
654
Calculate the remainder when 5167219 is divided by 2